t common divisor of o and 21.
21
Let d(k) = -45*k - 101. Let o be d(4). Let q = o + 655. Calculate the greatest common divisor of q and 51.
17
Let g be 5/(25/(-10)) + -52. Let t = g + 87. Suppose 0 = -5*s + 4*s + t. What is the highest common divisor of s and 11?
11
Let d = -193 - -196. Suppose 0 = d*c - 2*t - 66, -4*c = 2*t - 6*t - 84. What is the greatest common factor of c and 96?
24
Let o(p) = -48*p. Let g be o(-2). Let w(a) = -7*a**3 + 6*a**2 + 11*a + 2. Let d be w(-2). What is the greatest common divisor of d and g?
12
Suppose -2*d - g = -6105, 0 = 169*d - 164*d + 3*g - 15264. What is the greatest common factor of d and 113?
113
Suppose 0 = 2*w + 77 - 285. Let j = w + -88. Let s(b) = 2*b**2 + 7*b - 3. Let a be s(7). Calculate the highest common divisor of a and j.
16
Let s(y) = 2*y**2 - 17*y + 2. Let j be s(8). Let m be (-15)/(j/(-2)) + 0/(-2). Let h be (3 + m/2)*4. Calculate the highest common divisor of 1 and h.
1
Let j be (-7345)/(-55) + 8 + 188/(-22). What is the highest common factor of 574 and j?
7
Let h = -44 - -65. Let x be (-14 - 5 - -28)/1. What is the highest common factor of x and h?
3
Suppose 65 = -4*r - 31. Let k be (r/(-30))/((-4)/760). Let t be (-16)/((-4)/k*-2). What is the greatest common divisor of 38 and t?
38
Let b be (107388/(-72))/((-1)/4). What is the greatest common divisor of 38 and b?
38
Suppose 0 = 39*o - 45*o + 102. Suppose -o*t = 9*t - 1404. What is the highest common divisor of 90 and t?
18
Suppose 114*c + 23*c - 4247 = 0. Calculate the greatest common divisor of c and 496.
31
Let y be (450/(-9) - -6) + 1 + 0. Let v = y + 157. Suppose 190 = 4*a + a. What is the greatest common factor of v and a?
38
Let y = 406 + -391. Suppose 325 = 10*r + y*r. Calculate the highest common factor of 26 and r.
13
Let w(q) = -471*q**3 - 4 + 937*q**3 - 8*q**2 - 15*q - 467*q**3. Let z be w(-2). Calculate the greatest common factor of 2 and z.
2
Let c = -1143 - -1171. Calculate the highest common divisor of c and 133.
7
Let b = -58 + 68. Let q = b + 30. Let x = 42 - q. Calculate the greatest common divisor of 2 and x.
2
Let d = -111 + 18. Let y be (-4)/(12/(-21)) - d. What is the greatest common divisor of y and 80?
20
Let o(n) = n + 59. Let q be o(-18). Suppose q + 55 = 3*s. What is the highest common divisor of 24 and s?
8
Suppose k = 3*z + 101, -4*k + 289 = -k - 2*z. Let p(x) = -2*x**3 + 15*x**2 - 9*x - 16. Let h be p(6). Calculate the highest common factor of h and k.
19
Let l = -63 + 85. Let q = -133 + 188. What is the highest common factor of l and q?
11
Let a be (-16)/(-1) + 4/(-2). Suppose -127 - 96 + 90 = -x. What is the greatest common divisor of a and x?
7
Suppose -2*l = 5*l - 49. Let t(b) = -b + 9. Let r be t(l). Suppose 4*y - 118 = r*f, 2*f = -3*f - 5. Calculate the greatest common divisor of y and 232.
29
Suppose -27*p - 21*p = -27*p - 168. Calculate the highest common factor of 4816 and p.
8
Let p = -499 - -487. Let s be (3 - (2 + -38)) + 60/p. What is the highest common factor of 238 and s?
34
Let i = -6661 - -6917. What is the greatest common divisor of 4224 and i?
128
Suppose -2*o - 102 = -4*a, -3*a - 7*o = -2*o - 44. Suppose 8175 + 48126 + 178299 = 1275*i. Calculate the highest common divisor of i and a.
23
Let h be (13/((-26)/12))/((-12)/144*6). What is the greatest common divisor of h and 10524?
12
Let z be (-396)/(-48)*244/3. Suppose -674 = -3*v - z. What is the greatest common divisor of v and 35?
1
Let s(j) = 174*j - 4937. Let m be s(33). Calculate the greatest common divisor of m and 460.
115
Let w(c) = 5*c - 12. Let d(k) be the first derivative of -2*k**2 + 2*k - 3. Let v be d(-1). Let g be w(v). Calculate the highest common factor of 54 and g.
18
Let q = -11306 - -27560. Calculate the greatest common divisor of q and 86.
86
Let j = -7736 - -7857. Calculate the greatest common divisor of 33 and j.
11
Suppose -3*z = -8*z + 3*v + 132, 3*z = -2*v + 64. Let n be 14 + (z - 24 - 4/1). What is the highest common factor of n and 170?
10
Let g(m) = 2*m**2 - 2*m + 74. Let z(l) = -6*l**2 + 6*l - 223. Let r(k) = -8*g(k) - 3*z(k). Let w be r(0). What is the highest common divisor of w and 28?
7
Let h(d) = -d + 9. Let m be h(-12). Suppose 3*r - m = 153. Let l = 78 - r. Calculate the greatest common factor of l and 20.
20
Suppose 2*m - 3*i = -6, 4*m = 5*m + 4*i - 8. Suppose m*a - a - 3*k = -96, -4*a + 423 = -k. What is the greatest common factor of 21 and a?
21
Let f = 8218 + -7702. What is the highest common factor of 20 and f?
4
Suppose -8*n + 12*n + 5*b + 7 = 0, n = -4*b - 10. What is the highest common divisor of 119 and n?
1
Let h = -35304 + 35330. What is the highest common factor of h and 33345?
13
Let m = 12188 - 11716. Calculate the highest common factor of m and 8.
8
Let h(x) = x**2 - 22*x + 11. Let p be h(22). Let s(b) = -b**2 + 20*b - 92. Let o be s(p). Calculate the greatest common divisor of o and 448.
7
Let f = 17 + -14. Suppose -d + 11 = 5*c - 15, f*c - 24 = -d. Let y be (-237)/(-33) - -3*(-8)/132. What is the highest common factor of d and y?
7
Let m be 9679 + (3 - -4) - 5. Calculate the greatest common factor of m and 21.
21
Let q be (-25 + 5)*16*-2. Let j be (-48739)/(-1220) + ((-59)/20 - -3). Calculate the greatest common divisor of q and j.
40
Let j be 5 + (-30)/9*-6. Suppose 2*t - 73 = -n - j, 8 = -2*n. What is the greatest common factor of t and 130?
26
Suppose -2651 = 4*l - 2*y - 3221, -2*y = 5*l - 726. What is the greatest common divisor of l and 2556?
36
Let m = 39 + 23. Calculate the highest common factor of m and 50.
2
Let b(t) = t**2 - 2*t - 2. Let f be b(3). Let c be 0 + -2 - (13 + -28). Suppose c*d - 23*d + 10 = 0. What is the greatest common divisor of d and f?
1
Suppose -41*m - 37*m + 14112 = 90*m. Suppose 5*n = -f + 120, 2*f - 2*n - 288 = -0*n. What is the highest common factor of f and m?
28
Suppose -600 = -2*x + 5*c, 0 = 2*x + 4*c - 269 - 349. Suppose 5 = -k, 0 = 5*m - 9*m - 3*k + x. What is the highest common factor of 96 and m?
16
Let a be 0 - 87*((-45)/27)/1. What is the greatest common divisor of 7395 and a?
145
Let t be 3762/(-330)*15/(-9). What is the greatest common factor of 24 and t?
1
Let g be 2/12*-22 + 4 + 43812/108. What is the highest common divisor of g and 266?
14
Let q = -5254 - -13244. Calculate the highest common factor of 94 and q.
94
Let r(f) = 10*f - 4. Let q be r(49). What is the greatest common factor of q and 36?
18
Let i(p) = -p. Let u be i(-3). Let s be (((-440)/6)/(-11))/(1/u). Suppose -2*z = x - s, -z + 35 = 4*x - 17. Calculate the greatest common divisor of 30 and x.
6
Let r(a) = -22*a + 149. Let b be r(32). Let i = b - -731. Calculate the greatest common divisor of 55 and i.
11
Let d(i) = -12*i - 50. Suppose 0 = -4*j - u - 25, 5*u - 21 = 4*j + 2*u. Let w be d(j). Calculate the highest common divisor of 44 and w.
22
Let r = 351 + -354. Let h be 1*40/(-3)*r. Calculate the highest common factor of 16 and h.
8
Suppose 5*w = -2*y + 252 + 33, -3*y = -2*w - 342. What is the highest common divisor of y and 228?
12
Suppose j = n, -3*n + 24 = -0*j + 5*j. What is the highest common divisor of 657 and j?
3
Let z be (-8 + (-32)/(-5))/(2/(-5)) - -15. What is the greatest common divisor of 3667 and z?
19
Let c(f) = -4*f**2 + 137*f + 558. Let z be c(30). Calculate the greatest common divisor of 156 and z.
12
Let m(s) = s**3 + 20*s**2 + 45*s + 62. Let j be m(-15). Calculate the highest common divisor of j and 96.
32
Suppose 3*o + 184 = 21*v - 17*v, -3*v = o - 151. Calculate the greatest common divisor of 5684 and v.
49
Let i = 22454 - 22264. Calculate the greatest common factor of 646 and i.
38
Suppose -3*q + 4*g - 5*g + 39 = 0, 3*q = 3*g + 27. Let x be -5 + (1485/36 - 3/q). Calculate the highest common factor of 4 and x.
4
Let t(q) = -4*q - 11. Let d be t(-2). Let x be -250*(7/(-2) - d). Calculate the highest common factor of x and 25.
25
Let k(p) = 26 - 7*p - 21 - 11 + 4*p**2. Let q be k(-6). Calculate the greatest common divisor of q and 240.
60
Suppose b - 5*z + 6 = 0, -10*b - 100 = -16*b - 4*z. What is the greatest common factor of 2079 and b?
7
Let o = 123 - 87. Suppose 7 = -o*g + 43*g. Calculate the greatest common divisor of 41 and g.
1
Let x = 267 - 278. Let s = -3 - x. Calculate the highest common divisor of s and 8.
8
Let l(m) = -m**2 + 10*m + 2. Let c b